21
In base 3, what is -1 - 11100210?
-11100211
In base 15, what is 1694 - 1?
1693
In base 12, what is -14 + -156?
-16a
In base 6, what is -3 - -102312?
102305
In base 2, what is 110 - 101100?
-100110
In base 9, what is -377 + -1?
-378
In base 11, what is 4a4 + 5?
4a9
In base 10, what is -3 + -25?
-28
In base 10, what is 12 - -35?
47
In base 11, what is -a3 - -6?
-98
In base 7, what is 3 - 21?
-15
In base 4, what is -13 - -132101?
132022
In base 2, what is 1101011 + -100?
1100111
In base 3, what is 10 + -120?
-110
In base 11, what is -105 + 7?
-a9
In base 7, what is -11230 + 1?
-11226
In base 10, what is -3448 - 5?
-3453
In base 10, what is -104 - -13?
-91
In base 16, what is 5 - -3?
8
In base 7, what is 10 + 656?
666
In base 11, what is 4 + 50?
54
In base 3, what is 11 + -2112?
-2101
In base 16, what is 3c + 61?
9d
In base 12, what is -3 + -202?
-205
In base 5, what is 2012030 - -3?
2012033
In base 9, what is -168 + 0?
-168
In base 4, what is 113 - -2323?
3102
In base 13, what is -50 - -3?
-4a
In base 13, what is 8 + 5?
10
In base 16, what is 0 + -10?
-10
In base 4, what is -1 + -1212?
-1213
In base 9, what is -4 - 13068?
-13073
In base 2, what is 101 - 101111?
-101010
In base 16, what is -2 + 23c4?
23c2
In base 14, what is 2 + 56?
58
In base 10, what is -26 - -12?
-14
In base 14, what is -92 + 4?
-8c
In base 8, what is 4 + -1673?
-1667
In base 11, what is 0 - -1152?
1152
In base 12, what is -11 + -28?
-39
In base 9, what is -5 + 7654?
7648
In base 15, what is 4 + 10?
14
In base 6, what is -24 - 53?
-121
In base 5, what is -234 - 10?
-244
In base 11, what is -53 - -9?
-45
In base 8, what is -2 + -171?
-173
In base 16, what is 9 - -273?
27c
In base 5, what is -20 - -142?
122
In base 6, what is -42102 - -5?
-42053
In base 12, what is -4 + -857?
-85b
In base 14, what is 13 - -7a2?
7b5
In base 14, what is 87 + 0?
87
In base 16, what is -6d02 + -5?
-6d07
In base 9, what is 0 - 6287?
-6287
In base 14, what is -4 - 16d?
-173
In base 3, what is 2 - 12220?
-12211
In base 12, what is 5 + a1?
a6
In base 16, what is 7 - 3?
4
In base 11, what is 949 + 5?
953
In base 3, what is -12112 - 1?
-12120
In base 15, what is db - 0?
db
In base 13, what is 6 - -433?
439
In base 9, what is -3 + 5126?
5123
In base 8, what is -4063 + 1?
-4062
In base 4, what is 131031 + -3?
131022
In base 9, what is -1 - -3557?
3556
In base 9, what is -65 + -1?
-66
In base 12, what is -3ab + -5?
-3b4
In base 2, what is 100 - 1001101?
-1001001
In base 16, what is -ee5 - -9?
-edc
In base 10, what is -4 + 1830?
1826
In base 2, what is 101 - 111110101?
-111110000
In base 10, what is 12 + -123?
-111
In base 8, what is -1616 + -7?
-1625
In base 14, what is -27d - -7?
-276
In base 16, what is -4 - 21?
-25
In base 5, what is 0 - 2?
-2
In base 10, what is 111 + 4?
115
In base 12, what is -26b6 + -4?
-26ba
In base 6, what is 1 - 1533?
-1532
In base 9, what is -20 + 6?
-13
In base 16, what is -5 + 5?
0
In base 4, what is -1 + -2022?
-2023
In base 8, what is -117 - 6?
-125
In base 6, what is 21 - -114?
135
In base 5, what is 2131331 + 2?
2131333
In base 6, what is 0 - -534?
534
In base 12, what is 1 - -37b?
380
In base 13, what is -335c - 5?
-3364
In base 2, what is 111000 - 101?
110011
In base 16, what is 1f5 + 1?
1f6
In base 7, what is -4 + -20643?
-20650
In base 8, what is 3314 - 4?
3310
In base 15, what is e + -c?
2
In base 6, what is 434 + -44?
350
In base 7, what is 20 - -21?
41
In base 12, what is -729 - 7?
-734
In base 5, what is 3 - -201?
204
In base 8, what is 77 + 34?
133
In base 14, what is -5 - 106?
-10b
In base 16, what is 5 - -1ec?
1f1
In base 10, what is 626 - -5?
631
In base 16, what is 124 - 2?
122
In base 8, what is 137 + -101?
36
In base 4, what is -2031 - -20?
-2011
In base 11, what is 65 - -4?
69
In base 15, what is -12e - 68?
-197
In base 8, what is 4 + 37?
43
In base 7, what is 0 + -3343?
-3343
In base 15, what is 4 + 86?
8a
In base 10, what is -7 - -12?
5
In base 10, what is -5 + -1414?
-1419
In base 5, what is 103242 + 4?
103301
In base 2, what is -1000 - -110011101?
110010101
In base 8, what is -10 - 66?
-76
In base 11, what is 90 - -192?
272
In base 3, what is 120221 - 2?
120212
In base 5, what is -2134 + 4?
-2130
In base 9, what is 3602 + 4?
3606
In base 12, what is -62 + -6a?
-110
In base 8, what is 12 - 116?
-104
In base 8, what is -57 - -47?
-10
In base 12, what is 5 + -520?
-517
In base 2, what is 11111000000 + -1?
11110111111
In base 16, what is -1f - -30?
11
In base 9, what is -4 - 33?
-37
In base 5, what is -3 + -22424?
-22432
In base 2, what is -11 + 10111?
10100
In base 16, what is 12 - 4e?
-3c
In base 2, what is 101 + 1111101011?
1111110000
In base 4, what is 32010212 - 10?
32010202
In base 2, what is -110101111100 + 11?
-110101111001
In base 6, what is 14 - -153?
211
In base 4, what is -11 + 3022?
3011
In base 15, what is -3 + 3c?
39
In base 13, what is 194a - 1?
1949
In base 4, what is 3212 + 3?
3221
In base 8, what is -50 + -20?
-70
In base 14, what is -d + -b?
-1a
In base 5, what is 11 + 1300?
1311
In base 3, what is -211 - 110?
-1021
In base 14, what is -5 + -24?
-29
In base 14, what is -4 + -bd?
-c3
In base 7, what is -1525 + -12?
-1540
In base 15, what is -d - -dc?
ce
In base 12, what is 1a - 1a?
0
In base 16, what is -c + -5f?
-6b
In base 9, what is 4 + -375?
-371
In base 6, what is 30543 + 4?
30551
In base 15, what is e3 - -7?
ea
In base 15, what is -3c - -6?
-36
In base 8, what is -176 - 10?
-206
In base 2, what is 11 + -110111101111?
-110111101100
In base 3, what is 10 + 1020?
1100
In base 8, what is 22770 - -1?
22771
In base 6, what is 11113 - 5?
11104
In base 10, what is 52 - -53?
105
In base 7, what is 31153 - 0?
31153
In base 4, what is 20100 + 1?
20101
In base 11, what is -175 - -28?
-148
In base 12, what is -4b - 13?
-62
In base 5, what is -43 + -131?
-224
In base 10, what is 71 - 14?
57
In base 15, what is -3 - 4b2?
-4b5
In base 16, what is a6 - 3?
a3
In base 5, what is -3 - 1221?
-1224
In base 10, what is -61 - -346?
285
In base 5, what is -21 + 0?
-21
In base 10, what is -1 + 297?
296
In base 12, what is 4 - -bb?
103
In base 7, what is -10141 - 4?
-10145
In base 7, what is 5 - -14?
22
In base 7, what is -5 + 3111?
3103
In base 2, what is -11101 - -10?
-11011
In base 8, what is -144 - -25?
-117
In base 9, what is -20 + 680?
660
In base 9, what is -17 - 17?
-35
In base 12, what is -380 - 1?
-381
In base 2, what is -100 - 10010110?
-10011010
In base 2, what is -1010 - 11?
-1101
In base 3, what is 10 + -122120?
-122110
In base 9, what is 1864 - 0?
1864
In base 10, what is 1 - -13?
14
In base 6, what is 15 - 2351?
-2332
In base 15, what is -1ce3 - -2?
-1ce1
In base 14, what is -1 - 17?
-18
In base 4, what is 113 + -212?
-33
In base 7, what is -1 + 211?
210
In base 2, what is -1100110100 + -10?
-1100110110
In base 9, what is -77 + 3?
-74
In base 9, what is 116 - -12?
128
In base 15, what is 5 + -ba?
-b5
In base 15, what is c - c?
0
In base 7, what is -331 - -5?
-323
In base 6, what is 2040 - 34?
2002
In base 8, what is -2 + -455?
-457
In base 4, what is -2122 + 1?
-2121
In base 6, what is 0 + 1055?
1055
In base 2, what is -10011 - -10101110?
10011011
In base 13, what is -b4 + 60?
-54
In base 11, what is 5 - -5a?
64
In base 12, what is 50 + -2?
4a
In base 16, what is -10cd + 0?
-10cd
In base 7, what is -44 + -11?
-55
In base 11, what is -96 - a8?
-193
In base 10, what is -4 + -427?
-431
In base 16, what is -3 + -1a?
-1d
In base 15, what is -2 + -129?
-12b
In base 3, what is 1101110 - 1?
1101102
In base 4, what is 11 + 3202?
3213
In base 10, what is -616 - 1?
-617
In base 10, what is -59 - -9?
-50
In base 16, what is -61 - 20?
-81
In base 5, what is -3 + -3313?
-3321
In base 4, what is 11 + -131202?
-131131
In base 2, what is 110 - 1001111?
-1001001
In base 7, what is -25 - -3?
-22
In base 15, what is 55 - 5?
50
In base 4, what is 210 - 11?
133
In base 7, what is 2 - -104?
106
In base 4, what is 2 + -100?
-32
In base 12, what is 25 + -49?
-24
In base 3, what is -1122020 + -2?
-1122022
In base 3, what is -11020 - 0?
-11020
In base 9, what is 0 - 222?
-222
In base 13, what is 11 - 174?
-163
In base 5, what is -101414 + 4?
-101410
In base 4, what is 1 - -12002?
12003
In base 12, what is 2 + -14?
-12
In base 11, what is -4 - 44?
-48
In base 3, wha